Let z = -51 - -48. Let l be (2/(-3))/(1/z). Suppose -5 + 13 = l*u. Calculate the greatest common factor of u and 32.
4
Suppose 4*m + 93 = -5*u, 4*u - 5*m = -u - 120. Let f be 14/u + (-2)/3*-514. Let p = -216 + 254. What is the greatest common factor of p and f?
38
Suppose 4*v - 20160 = -4*t, -4*t - 3*v + 17975 = -2186. Suppose -16*p = -t - 63. What is the greatest common factor of 11 and p?
11
Let c be 84/2*4/6. Let b be (2/(-4))/(6*(-17)/97104). What is the greatest common divisor of b and c?
28
Suppose -2*g = 5*n - 38330, 8451 = -4*n + 5*g + 39148. Calculate the greatest common divisor of n and 108.
108
Suppose 3*y - 3 = 0, -1009*k - 2077 = -1014*k + 3*y. What is the greatest common divisor of k and 12272?
208
Let m(j) = -j**3 + 2*j**2 - 16*j + 72. Let g be m(4). Let c be ((-190)/8 + 2)/(g/704). What is the highest common divisor of c and 58?
58
Let n be (-8 + 2 + 3)*-1*1. Let g be 33/n - (-1 - 3 - -2). Suppose -g = -b + 35. What is the highest common factor of b and 6?
6
Suppose 13*h = -5*d + 14940, 95*h - 1156 = 94*h + 3*d. What is the highest common divisor of h and 368?
46
Let i be 222 + (8 - 4) + 2 + -4. Suppose 59 = -n + i. Calculate the highest common factor of n and 15.
15
Let o = 2335 - 2281. What is the highest common divisor of 2826 and o?
18
Suppose -22*w + 129331 + 12749 = 8*w. Calculate the highest common factor of w and 64.
64
Let y(d) = 38*d**2 - 1398*d - 11. Let r be y(42). Calculate the highest common factor of 11 and r.
11
Suppose 567 = -3*b - 0*b. Let z = -81 - b. Let y be (6 - 9 - 15)*(-12 - -8). What is the greatest common divisor of y and z?
36
Suppose 30 = r - 12. Let z = 9 + r. Suppose -y = -4*y + j + 94, 2*y - 3*j - z = 0. Calculate the highest common divisor of y and 363.
33
Let w be (195/(-6))/((-7)/((-840)/(-50))). Let k be (-2)/(-2) + (-51)/(-1). Let o = w - k. Calculate the highest common divisor of o and 39.
13
Let h be (-4)/(-6) + (-12)/18 + 45. Suppose 0 = 8*k - h - 499. Suppose f + 3*x - 19 = k, 4*x = -4*f + 356. What is the greatest common divisor of f and 10?
10
Let g(q) = -47 + 10 + 776*q - 831*q. Let f be g(-8). What is the highest common divisor of 31 and f?
31
Let x be ((-224)/(-24))/(1/15). Suppose 4*s = 5*f - 30 - 394, -s - 1 = 0. Calculate the highest common factor of x and f.
28
Suppose f = 0, 0 = 5*z + 3*f - 7*f + 5. Let s be 13 - (z + 3/1). Let n(b) = -b**2 + 10*b + 15. Let m be n(s). What is the greatest common divisor of 28 and m?
4
Let y(u) = 2*u**2 + 2*u + 132. Let t be y(0). Suppose 0 = -2*z - z + t. Let i be z - (24/(-3))/(-4). What is the highest common divisor of i and 14?
14
Let p be -5*8/(-110)*44/8. Suppose -p*j - 2*b + 70 = 0, 130 = 38*j - 33*j - 4*b. Calculate the greatest common divisor of 75 and j.
15
Let f = -634509 + 634540. Suppose 0 = 4*q - 2*m - 1614, -m + 87 = -q + 491. Calculate the highest common divisor of f and q.
31
Let q = -401 + 314. Let g(y) = -2*y**2 - 9*y + 6. Let z be g(-9). Let p = z - q. Calculate the greatest common divisor of p and 60.
12
Suppose d + 1436*t - 314 = 1434*t, 5*d + 5*t = 1530. What is the greatest common factor of 4 and d?
2
Suppose -2*r = f - 761, -3*f - 2*r = -779 - 1512. Calculate the greatest common factor of f and 225.
45
Let h = 97 - 72. Let o = -1670 - -2170. What is the greatest common divisor of o and h?
25
Let b be (204/(-18))/(2 + 16/(-6)). Let h = -1 + b. Calculate the greatest common factor of 4 and h.
4
Let g(z) = z**3 + 28*z**2 - 34*z - 1337. Let t be g(-26). What is the highest common divisor of t and 145?
29
Let a be -9 + (1018 - 39) + (2 - 7). What is the highest common factor of 3667 and a?
193
Let t(r) = r**3 - 16*r**2 + 14*r + 18. Let z be t(15). Suppose -g = z*k - 4, -20 = -2*g + k - 3*k. Calculate the greatest common factor of 13 and g.
13
Let t(p) = -435*p - 1485. Let k be t(-7). Calculate the highest common factor of k and 2808.
312
Let q be 0 - (-2 - -4) - 13. Let n = q + 17. Suppose -131 = -n*k - 2*t + t, k + 3*t - 73 = 0. Calculate the highest common factor of 48 and k.
16
Let m be (-19 + 8 + 1 + 9)*(-1 - 222). Calculate the greatest common factor of 5 and m.
1
Suppose -75*q = -76*q - 15. Let d be (-192)/(-3) - (5 - q)/4. What is the greatest common divisor of 944 and d?
59
Suppose 2*u + 3*v = 2*v + 6437, 5*v + 12839 = 4*u. Suppose -5*r - 3232 = -4*m, 0*m + 4*m - u = r. What is the highest common divisor of 73 and m?
73
Suppose f + 48 = 5*f. Let c be ((-356)/(-44) - 8)*1 + 2111/11. What is the greatest common divisor of f and c?
12
Suppose 2*n + 110 = 7*n. Suppose 13*h + n = 14*h. Let x be ((-4)/(-6))/(3/((-891)/(-6))). What is the greatest common factor of h and x?
11
Let h be 5 + ((-12)/10)/((-63)/840). Suppose -46 = -5*r - h. What is the highest common factor of 85 and r?
5
Suppose -j + 252 = j. Let a be 195*204/210 + 9/(-21). Calculate the greatest common divisor of a and j.
63
Suppose -2*c - 540 = -6*c. Let t(f) = 2*f**3 - 287*f**2 - 159*f + 2175. Let w be t(144). What is the greatest common factor of c and w?
15
Let m(h) = h**2 - 11*h + 12. Let n = 25 - 14. Let x be m(n). Suppose -101*o = -99*o - 48. What is the greatest common factor of x and o?
12
Let x be ((-239150)/7)/(-2) - (-12)/(-84). Calculate the highest common divisor of x and 702.
234
Suppose -2*z - 1092 = 3*o - 4723, -3*o - 4*z = -3635. What is the greatest common factor of 13 and o?
13
Suppose -2*q + w = -5, 10*q - 7*q - 5*w - 4 = 0. Suppose -k + q*k - 3*n - 118 = 0, -k + 3*n = -56. Calculate the greatest common divisor of 93 and k.
31
Let w = -137 + 409. Let i(q) = 2*q**3 + 99*q**2 - 157*q - 187. Let c be i(-51). Calculate the greatest common factor of w and c.
17
Suppose -3*w + 0 = -3. Let f be (w - 14)/((-76)/24 + 3). Let j be (-4 - -8 - 2) + 11. What is the highest common factor of f and j?
13
Let d be 51/(-102)*(-1 + 19) - -1191. What is the highest common divisor of 24 and d?
6
Suppose 0 = -5*y + 4*m + 483, 4*m = -5*y + 637 - 130. Suppose -3*h - 37 = -2*z, 2*z = 4*h + 1 + 41. What is the greatest common divisor of y and z?
11
Let b(a) = -159*a + 64. Let u be b(-4). Suppose 47*j - 43*j = u. Calculate the highest common divisor of j and 35.
35
Let s = 404 - 149. Let i = s - 95. Calculate the greatest common divisor of 20 and i.
20
Suppose 3*b + 5*p - 7 = 28, 0 = b - 5*p + 15. Suppose -4*h - 37 = -6*h - b*o, -5*h + 4*o = -109. Calculate the highest common factor of h and 273.
21
Suppose 2*b + 50 = 192. Let z = 58 + -56. Suppose 5*l - 4*s - b = 0, 2*l = -z*l - 2*s + 36. Calculate the highest common divisor of l and 33.
11
Let v = 6200 - 4950. Calculate the greatest common divisor of 80 and v.
10
Suppose -2*k = -5*f - 2878, 0 = -2*k - 42*f + 38*f + 2896. What is the greatest common divisor of 4 and k?
4
Suppose -5*v + 9*v = 1296. Let y(z) = -2*z + 42. Let n be y(-15). Calculate the highest common divisor of v and n.
36
Suppose 1109 = 18*h + 1055. Let n be 3 + 2 + (-6)/2. Suppose -5*g = j - 24, 48 = 2*j - n*g - h*g. What is the greatest common divisor of 72 and j?
24
Let x be ((-3)/(-5))/(96/30 - 3). Suppose 4*n - 727 = -3*o, 2*o - x*o = 3*n - 549. What is the highest common factor of n and 23?
23
Suppose -y + 3*s - 15 + 48 = 0, 5*y + s = 165. Let z = y + -25. Let d be 1318/z*2 - 5/(-10). Calculate the highest common divisor of 33 and d.
33
Let m be -491 - -2*(5 - 9). Let f = 707 + m. Calculate the highest common factor of f and 260.
52
Let p(k) = k**3 - 37*k**2 + 3*k - 106. Let j be p(37). Suppose -5*d - 5*f = -425, 217 + 44 = 3*d + j*f. What is the greatest common divisor of 123 and d?
41
Suppose 4*f = -336 - 152. Suppose 246*w + 20406 = 67*w. Let n = w - f. Calculate the greatest common factor of n and 12.
4
Let u = -3438 - -4790. What is the highest common divisor of u and 13?
13
Let i = -73 + 72. Let n be ((-1 + 3)/(-2))/i. Let f = 4 + n. Calculate the highest common divisor of 15 and f.
5
Suppose -25 = 5*g, k - 18 - 8 = -2*g. Let m be (-21)/(-5)*4080/1428. What is the highest common divisor of m and k?
12
Suppose 5*m + m - 168 = -8*m. Calculate the highest common factor of m and 852.
12
Suppose -r + 4 = 4*w + 3*r, -2*w - 5*r = 7. Suppose -w*m - 66 + 2 = 0. Let u = m + 26. What is the greatest common divisor of u and 110?
10
Let p = 291 - 207. Suppose 3*j - 5*n - 76 = 0, j - 102*n + 98*n - 44 = 0. Calculate the greatest common divisor of j 